Last updated on 2024-04-17 08:57:50 CEST.
Flavor | Version | Tinstall | Tcheck | Ttotal | Status | Flags |
---|---|---|---|---|---|---|
r-devel-linux-x86_64-debian-clang | 1.3.7 | 5.22 | 60.20 | 65.42 | NOTE | |
r-devel-linux-x86_64-debian-gcc | 1.3.7 | 4.16 | 46.38 | 50.54 | NOTE | |
r-devel-linux-x86_64-fedora-clang | 1.3.7 | 86.33 | NOTE | |||
r-devel-linux-x86_64-fedora-gcc | 1.3.7 | 93.57 | NOTE | |||
r-prerel-macos-arm64 | 1.3.7 | 34.00 | NOTE | |||
r-prerel-windows-x86_64 | 1.3.7 | 8.00 | 71.00 | 79.00 | NOTE | |
r-patched-linux-x86_64 | 1.3.7 | 5.11 | 60.87 | 65.98 | NOTE | |
r-release-linux-x86_64 | 1.3.7 | 5.94 | 56.95 | 62.89 | NOTE | |
r-release-macos-arm64 | 1.3.7 | 39.00 | NOTE | |||
r-release-macos-x86_64 | 1.3.7 | 119.00 | NOTE | |||
r-release-windows-x86_64 | 1.3.7 | 9.00 | 72.00 | 81.00 | NOTE | |
r-oldrel-macos-arm64 | 1.3.7 | 38.00 | NOTE | |||
r-oldrel-windows-x86_64 | 1.3.7 | 8.00 | 72.00 | 80.00 | NOTE |
Version: 1.3.7
Check: package dependencies
Result: NOTE
Package suggested but not available for checking: ‘prepr’
Flavors: r-devel-linux-x86_64-debian-clang, r-devel-linux-x86_64-debian-gcc, r-devel-linux-x86_64-fedora-clang, r-devel-linux-x86_64-fedora-gcc, r-prerel-macos-arm64, r-prerel-windows-x86_64, r-patched-linux-x86_64, r-release-linux-x86_64, r-release-macos-arm64, r-release-macos-x86_64, r-release-windows-x86_64, r-oldrel-macos-arm64, r-oldrel-windows-x86_64
Version: 1.3.7
Check: Rd files
Result: NOTE
checkRd: (-1) wdpa_clean.Rd:23: Lost braces
23 | \item{crs}{\code{character} or code{integer} object representing a
| ^
Flavors: r-devel-linux-x86_64-debian-clang, r-devel-linux-x86_64-debian-gcc, r-devel-linux-x86_64-fedora-clang, r-devel-linux-x86_64-fedora-gcc, r-prerel-macos-arm64, r-prerel-windows-x86_64, r-patched-linux-x86_64