CRAN Package Check Results for Package webr

Last updated on 2021-01-20 07:49:29 CET.

Flavor Version Tinstall Tcheck Ttotal Status Flags
r-devel-linux-x86_64-debian-clang 0.1.5 12.77 125.33 138.10 OK
r-devel-linux-x86_64-debian-gcc 0.1.5 10.56 93.68 104.24 OK
r-devel-linux-x86_64-fedora-clang 0.1.5 140.58 NOTE
r-devel-linux-x86_64-fedora-gcc 0.1.5 130.32 NOTE
r-devel-windows-ix86+x86_64 0.1.5 21.00 133.00 154.00 OK
r-patched-linux-x86_64 0.1.5 8.22 119.73 127.95 OK
r-patched-solaris-x86 0.1.5 216.30 NOTE
r-release-linux-x86_64 0.1.5 9.22 119.56 128.78 OK
r-release-macos-x86_64 0.1.5 NOTE
r-release-windows-ix86+x86_64 0.1.5 25.00 121.00 146.00 OK
r-oldrel-macos-x86_64 0.1.5 NOTE
r-oldrel-windows-ix86+x86_64 0.1.5 17.00 129.00 146.00 OK

Check Details

Version: 0.1.5
Check: dependencies in R code
Result: NOTE
    Namespaces in Imports field not imported from:
     ‘shiny’ ‘tidyselect’
     All declared Imports should be used.
Flavors: r-devel-linux-x86_64-fedora-clang, r-devel-linux-x86_64-fedora-gcc, r-patched-solaris-x86, r-release-macos-x86_64, r-oldrel-macos-x86_64