Last updated on 2024-04-24 07:57:57 CEST.
Flavor | Version | Tinstall | Tcheck | Ttotal | Status | Flags |
---|---|---|---|---|---|---|
r-devel-linux-x86_64-debian-clang | 0.5 | 7.96 | 62.01 | 69.97 | OK | |
r-devel-linux-x86_64-debian-gcc | 0.5 | 6.43 | 44.79 | 51.22 | OK | |
r-devel-linux-x86_64-fedora-clang | 0.5 | 87.56 | NOTE | |||
r-devel-linux-x86_64-fedora-gcc | 0.5 | 80.40 | NOTE | |||
r-prerel-macos-arm64 | 0.5 | 31.00 | OK | |||
r-prerel-windows-x86_64 | 0.5 | 12.00 | 65.00 | 77.00 | OK | |
r-patched-linux-x86_64 | 0.5 | 7.97 | 57.15 | 65.12 | OK | |
r-release-linux-x86_64 | 0.5 | 8.00 | 56.87 | 64.87 | OK | |
r-release-macos-arm64 | 0.5 | 32.00 | OK | |||
r-release-macos-x86_64 | 0.5 | 42.00 | OK | |||
r-release-windows-x86_64 | 0.5 | 13.00 | 73.00 | 86.00 | OK | |
r-oldrel-macos-arm64 | 0.5 | 33.00 | OK | |||
r-oldrel-windows-x86_64 | 0.5 | 13.00 | 77.00 | 90.00 | OK |
Version: 0.5
Check: compiled code
Result: NOTE
File ‘weightedCL/libs/weightedCL.so’:
Found no calls to: ‘R_registerRoutines’, ‘R_useDynamicSymbols’
It is good practice to register native routines and to disable symbol
search.
See ‘Writing portable packages’ in the ‘Writing R Extensions’ manual.
Flavors: r-devel-linux-x86_64-fedora-clang, r-devel-linux-x86_64-fedora-gcc