Last updated on 2021-01-20 07:49:30 CET.
Flavor | Version | Tinstall | Tcheck | Ttotal | Status | Flags |
---|---|---|---|---|---|---|
r-devel-linux-x86_64-debian-clang | 1.0.1 | 5.49 | 71.52 | 77.01 | OK | |
r-devel-linux-x86_64-debian-gcc | 1.0.1 | 5.07 | 53.67 | 58.74 | OK | |
r-devel-linux-x86_64-fedora-clang | 1.0.1 | 97.84 | NOTE | |||
r-devel-linux-x86_64-fedora-gcc | 1.0.1 | 85.95 | NOTE | |||
r-devel-windows-ix86+x86_64 | 1.0.1 | 11.00 | 370.00 | 381.00 | OK | |
r-patched-linux-x86_64 | 1.0.1 | 5.97 | 67.99 | 73.96 | OK | |
r-patched-solaris-x86 | 1.0.1 | 110.40 | NOTE | |||
r-release-linux-x86_64 | 1.0.1 | 5.94 | 69.08 | 75.02 | OK | |
r-release-macos-x86_64 | 1.0.1 | NOTE | ||||
r-release-windows-ix86+x86_64 | 1.0.1 | 13.00 | 398.00 | 411.00 | OK | |
r-oldrel-macos-x86_64 | 1.0.1 | NOTE | ||||
r-oldrel-windows-ix86+x86_64 | 1.0.1 | 10.00 | 393.00 | 403.00 | OK |
Version: 1.0.1
Check: data for non-ASCII characters
Result: NOTE
Note: found 175 marked UTF-8 strings
Flavors: r-devel-linux-x86_64-fedora-clang, r-devel-linux-x86_64-fedora-gcc, r-patched-solaris-x86, r-release-macos-x86_64, r-oldrel-macos-x86_64