CRAN Package Check Results for Package widgetframe

Last updated on 2021-05-10 08:49:31 CEST.

Flavor Version Tinstall Tcheck Ttotal Status Flags
r-devel-linux-x86_64-debian-clang 0.3.1 2.03 29.59 31.62 NOTE
r-devel-linux-x86_64-debian-gcc 0.3.1 1.89 23.39 25.28 NOTE
r-devel-linux-x86_64-fedora-clang 0.3.1 49.06 NOTE
r-devel-linux-x86_64-fedora-gcc 0.3.1 38.23 NOTE
r-devel-windows-ix86+x86_64 0.3.1 5.00 6.00 11.00 ERROR
r-devel-windows-x86_64-gcc10-UCRT 0.3.1 NOTE
r-patched-linux-x86_64 0.3.1 2.35 29.41 31.76 NOTE
r-patched-solaris-x86 0.3.1 59.40 NOTE
r-release-linux-x86_64 0.3.1 2.40 28.28 30.68 OK
r-release-macos-x86_64 0.3.1 OK
r-release-windows-ix86+x86_64 0.3.1 4.00 37.00 41.00 OK
r-oldrel-macos-x86_64 0.3.1 OK
r-oldrel-windows-ix86+x86_64 0.3.1 5.00 33.00 38.00 WARN

Check Details

Version: 0.3.1
Check: LazyData
Result: NOTE
     'LazyData' is specified without a 'data' directory
Flavors: r-devel-linux-x86_64-debian-clang, r-devel-linux-x86_64-debian-gcc, r-devel-linux-x86_64-fedora-clang, r-devel-linux-x86_64-fedora-gcc, r-devel-windows-x86_64-gcc10-UCRT, r-patched-linux-x86_64, r-patched-solaris-x86

Version: 0.3.1
Check: whether package can be installed
Result: ERROR
    
    See *
Flavor: r-devel-windows-ix86+x86_64

Version: 0.3.1
Check: re-building of vignette outputs
Result: WARN
    Error(s) in re-building vignettes:
    --- re-building 'Using_widgetframe.Rmd' using rmarkdown
    --- finished re-building 'Using_widgetframe.Rmd'
    
    Error in readRDS(ser_engine) : error reading from connection
    Calls: <Anonymous> -> readRDS
    Execution halted
    SUMMARY: processing the following file failed:
     'widgetframe_and_knitr.Rmd'
    
    Error: Vignette re-building failed.
    Execution halted
Flavor: r-oldrel-windows-ix86+x86_64