CRAN Package Check Results for Package wildlifeDI

Last updated on 2021-04-16 08:48:46 CEST.

Flavor Version Tinstall Tcheck Ttotal Status Flags
r-devel-linux-x86_64-debian-clang 0.4.0 10.05 298.11 308.16 OK
r-devel-linux-x86_64-debian-gcc 0.4.0 8.08 208.96 217.04 OK
r-devel-linux-x86_64-fedora-clang 0.4.0 349.62 OK
r-devel-linux-x86_64-fedora-gcc 0.4.0 340.22 OK
r-devel-windows-ix86+x86_64 0.4.0 23.00 292.00 315.00 OK
r-devel-windows-x86_64-gcc10-UCRT 0.4.0 OK
r-patched-linux-x86_64 0.4.0 9.34 265.50 274.84 OK
r-patched-solaris-x86 0.4.0 453.90 OK
r-release-linux-x86_64 0.4.0 9.25 269.18 278.43 OK
r-release-macos-x86_64 0.4.0 OK
r-release-windows-ix86+x86_64 0.4.0 37.00 326.00 363.00 OK
r-oldrel-macos-x86_64 0.4.0 WARN
r-oldrel-windows-ix86+x86_64 0.4.0 14.00 320.00 334.00 WARN

Check Details

Version: 0.4.0
Check: re-building of vignette outputs
Result: WARN
    Error(s) in re-building vignettes:
    --- re-building ‘wildlifeDI-vignette-contact_analysis.Rmd’ using rmarkdown
    Warning in engine$weave(file, quiet = quiet, encoding = enc) :
     Pandoc (>= 1.12.3) and/or pandoc-citeproc not available. Falling back to R Markdown v1.
    Loading required package: sp
    Loading required package: ade4
    Loading required package: adehabitatMA
    Loading required package: CircStats
    Loading required package: MASS
    Loading required package: boot
    Linking to GEOS 3.7.2, GDAL 2.4.2, PROJ 5.2.0
    Quitting from lines 133-140 (wildlifeDI-vignette-contact_analysis.Rmd)
    Error: processing vignette 'wildlifeDI-vignette-contact_analysis.Rmd' failed with diagnostics:
    Problem with `summarise()` input `id`.
    ✖ 'min' not meaningful for factors
    ℹ Input `id` is `min(id)`.
    ℹ The error occurred in group 1: contact_pha = 1.
    --- failed re-building ‘wildlifeDI-vignette-contact_analysis.Rmd’
    
    --- re-building ‘wildlifeDI-vignette.rmd’ using rmarkdown
    Warning in engine$weave(file, quiet = quiet, encoding = enc) :
     Pandoc (>= 1.12.3) and/or pandoc-citeproc not available. Falling back to R Markdown v1.
    Loading required package: sp
    Loading required package: deldir
    deldir 0.2-10 Nickname: "Morpheus and Euripides"
    
     Note 1: As of version 0.2-1, error handling in this
     package was amended to conform to the usual R protocol.
     The deldir() function now actually throws an error
     when one occurs, rather than displaying an error number
     and returning a NULL.
    
     Note 2: As of version 0.1-29 the arguments "col"
     and "lty" of plot.deldir() had their names changed to
     "cmpnt_col" and "cmpnt_lty" respectively basically
     to allow "col" and and "lty" to be passed as "..."
     arguments.
    
     Note 3: As of version 0.1-29 the "plotit" argument
     of deldir() was changed to (simply) "plot".
    
     See the help for deldir() and plot.deldir().
    
    Loading required package: ade4
    Loading required package: adehabitatMA
    Loading required package: adehabitatLT
    Loading required package: CircStats
    Loading required package: MASS
    Loading required package: boot
    rgeos version: 0.5-5, (SVN revision 640)
     GEOS runtime version: 3.7.2-CAPI-1.11.2
     Linking to sp version: 1.4-2
     Polygon checking: TRUE
    
    --- finished re-building ‘wildlifeDI-vignette.rmd’
    
    SUMMARY: processing the following file failed:
     ‘wildlifeDI-vignette-contact_analysis.Rmd’
    
    Error: Vignette re-building failed.
    Execution halted
Flavor: r-oldrel-macos-x86_64

Version: 0.4.0
Check: re-building of vignette outputs
Result: WARN
    Error(s) in re-building vignettes:
    --- re-building 'wildlifeDI-vignette-contact_analysis.Rmd' using rmarkdown
    Loading required package: sp
    Loading required package: ade4
    Loading required package: adehabitatMA
    Loading required package: CircStats
    Loading required package: MASS
    Loading required package: boot
    Linking to GEOS 3.9.0, GDAL 3.2.1, PROJ 7.2.1
    Quitting from lines 133-140 (wildlifeDI-vignette-contact_analysis.Rmd)
    Error: processing vignette 'wildlifeDI-vignette-contact_analysis.Rmd' failed with diagnostics:
    Problem with `summarise()` input `id`.
    x 'min' not meaningful for factors
    i Input `id` is `min(id)`.
    i The error occurred in group 1: contact_pha = 1.
    --- failed re-building 'wildlifeDI-vignette-contact_analysis.Rmd'
    
    --- re-building 'wildlifeDI-vignette.rmd' using rmarkdown
    Loading required package: sp
    Loading required package: deldir
    deldir 0.2-10 Nickname: "Morpheus and Euripides"
    
     Note 1: As of version 0.2-1, error handling in this
     package was amended to conform to the usual R protocol.
     The deldir() function now actually throws an error
     when one occurs, rather than displaying an error number
     and returning a NULL.
    
     Note 2: As of version 0.1-29 the arguments "col"
     and "lty" of plot.deldir() had their names changed to
     "cmpnt_col" and "cmpnt_lty" respectively basically
     to allow "col" and and "lty" to be passed as "..."
     arguments.
    
     Note 3: As of version 0.1-29 the "plotit" argument
     of deldir() was changed to (simply) "plot".
    
     See the help for deldir() and plot.deldir().
    
    Loading required package: ade4
    Loading required package: adehabitatMA
    Loading required package: adehabitatLT
    Loading required package: CircStats
    Loading required package: MASS
    Loading required package: boot
    rgeos version: 0.5-5, (SVN revision 640)
     GEOS runtime version: 3.8.0-CAPI-1.13.1
     Linking to sp version: 1.4-5
     Polygon checking: TRUE
    
    --- finished re-building 'wildlifeDI-vignette.rmd'
    
    SUMMARY: processing the following file failed:
     'wildlifeDI-vignette-contact_analysis.Rmd'
    
    Error: Vignette re-building failed.
    Execution halted
Flavor: r-oldrel-windows-ix86+x86_64