CRAN Package Check Results for Package windsoraiR

Last updated on 2024-06-12 08:56:18 CEST.

Flavor Version Tinstall Tcheck Ttotal Status Flags
r-devel-linux-x86_64-debian-clang 0.1.2 2.09 30.30 32.39 OK
r-devel-linux-x86_64-debian-gcc 0.1.2 1.51 24.08 25.59 OK
r-devel-linux-x86_64-fedora-clang 0.1.2 43.58 NOTE
r-devel-linux-x86_64-fedora-gcc 0.1.2 55.47 NOTE
r-devel-windows-x86_64 0.1.2 2.00 45.00 47.00 OK
r-patched-linux-x86_64 0.1.2 2.10 30.83 32.93 OK
r-release-linux-x86_64 0.1.2 1.93 29.56 31.49 OK
r-release-macos-arm64 0.1.2 25.00 OK
r-release-macos-x86_64 0.1.2 36.00 OK
r-release-windows-x86_64 0.1.2 2.00 47.00 49.00 OK
r-oldrel-macos-arm64 0.1.2 22.00 OK
r-oldrel-macos-x86_64 0.1.2 34.00 OK
r-oldrel-windows-x86_64 0.1.2 3.00 47.00 50.00 OK

Check Details

Version: 0.1.2
Check: data for non-ASCII characters
Result: NOTE Note: found 1 marked UTF-8 string Flavors: r-devel-linux-x86_64-fedora-clang, r-devel-linux-x86_64-fedora-gcc