CRAN Package Check Results for Package word2vec

Last updated on 2021-07-25 08:51:16 CEST.

Flavor Version Tinstall Tcheck Ttotal Status Flags
r-devel-linux-x86_64-debian-clang 0.3.4 126.27 35.49 161.76 OK
r-devel-linux-x86_64-debian-gcc 0.3.4 82.43 27.49 109.92 OK
r-devel-linux-x86_64-fedora-clang 0.3.4 251.04 OK
r-devel-linux-x86_64-fedora-gcc 0.3.4 207.39 OK
r-devel-windows-x86_64 0.3.4 117.00 50.00 167.00 OK
r-devel-windows-x86_64-gcc10-UCRT 0.3.4 OK
r-patched-linux-x86_64 0.3.4 95.16 33.70 128.86 OK
r-patched-solaris-x86 0.3.4 201.30 OK
r-release-linux-x86_64 0.3.4 97.71 33.84 131.55 OK
r-release-macos-arm64 0.3.4 NOTE
r-release-macos-x86_64 0.3.4 OK
r-release-windows-ix86+x86_64 0.3.4 289.00 75.00 364.00 OK
r-oldrel-macos-x86_64 0.3.4 OK
r-oldrel-windows-ix86+x86_64 0.3.4 249.00 80.00 329.00 OK

Check Details

Version: 0.3.4
Check: installed package size
Result: NOTE
     installed size is 5.9Mb
     sub-directories of 1Mb or more:
     libs 5.6Mb
Flavor: r-release-macos-arm64