Last updated on 2024-03-12 07:50:11 CET.
Flavor | Version | Tinstall | Tcheck | Ttotal | Status | Flags |
---|---|---|---|---|---|---|
r-devel-linux-x86_64-debian-clang | 0.2.0 | 2.14 | 43.99 | 46.13 | OK | |
r-devel-linux-x86_64-debian-gcc | 0.2.0 | 1.53 | 33.21 | 34.74 | OK | |
r-devel-linux-x86_64-fedora-clang | 0.2.0 | 58.08 | NOTE | |||
r-devel-linux-x86_64-fedora-gcc | 0.2.0 | 54.05 | NOTE | |||
r-devel-windows-x86_64 | 0.2.0 | 4.00 | 54.00 | 58.00 | OK | |
r-patched-linux-x86_64 | 0.2.0 | 2.22 | 42.53 | 44.75 | OK | |
r-release-linux-x86_64 | 0.2.0 | 1.87 | 41.81 | 43.68 | OK | |
r-release-macos-arm64 | 0.2.0 | 24.00 | OK | |||
r-release-macos-x86_64 | 0.2.0 | 34.00 | OK | |||
r-release-windows-x86_64 | 0.2.0 | 4.00 | 55.00 | 59.00 | OK | |
r-oldrel-macos-arm64 | 0.2.0 | 22.00 | NOTE | |||
r-oldrel-windows-x86_64 | 0.2.0 | 4.00 | 61.00 | 65.00 | OK |
Version: 0.2.0
Check: data for non-ASCII characters
Result: NOTE
Note: found 3 marked UTF-8 strings
Flavors: r-devel-linux-x86_64-fedora-clang, r-devel-linux-x86_64-fedora-gcc, r-oldrel-macos-arm64