Last updated on 2024-08-31 08:48:26 CEST.
Flavor | Version | Tinstall | Tcheck | Ttotal | Status | Flags |
---|---|---|---|---|---|---|
r-devel-linux-x86_64-debian-clang | 0.2-8 | 28.10 | 106.01 | 134.11 | NOTE | |
r-devel-linux-x86_64-debian-gcc | 0.2-8 | 20.25 | 75.36 | 95.61 | NOTE | |
r-devel-linux-x86_64-fedora-clang | 0.2-8 | 220.95 | OK | |||
r-devel-linux-x86_64-fedora-gcc | 0.2-8 | 233.95 | OK | |||
r-devel-windows-x86_64 | 0.2-8 | 33.00 | 151.00 | 184.00 | NOTE | |
r-patched-linux-x86_64 | 0.2-8 | 33.19 | 102.87 | 136.06 | OK | |
r-release-linux-x86_64 | 0.2-8 | 27.07 | 102.36 | 129.43 | OK | |
r-release-macos-arm64 | 0.2-8 | 70.00 | OK | |||
r-release-macos-x86_64 | 0.2-8 | 119.00 | OK | |||
r-release-windows-x86_64 | 0.2-8 | 33.00 | 164.00 | 197.00 | OK | |
r-oldrel-macos-arm64 | 0.2-8 | 70.00 | OK | |||
r-oldrel-macos-x86_64 | 0.2-8 | 119.00 | OK | |||
r-oldrel-windows-x86_64 | 0.2-8 | 28.00 | 230.00 | 258.00 | OK |
Version: 0.2-8
Check: Rd cross-references
Result: NOTE
Found the following Rd file(s) with Rd \link{} targets missing package
anchors:
DSM_TermContextMatrix.Rd: dgCMatrix-class
as_distmat.Rd: sparseMatrix
dsm.Rd: sparseMatrix-class, dMatrix-class
dsm_canonical_matrix.Rd: dgTMatrix-class, dgCMatrix-class,
denseMatrix-class
dsm_projection.Rd: sparsesvd
rsvd.Rd: sparsesvd
signcount.Rd: Matrix, dgeMatrix-class, dgCMatrix-class,
dgRMatrix-class
Please provide package anchors for all Rd \link{} targets not in the
package itself and the base packages.
Flavors: r-devel-linux-x86_64-debian-clang, r-devel-linux-x86_64-debian-gcc, r-devel-windows-x86_64