CRAN Package Check Results for Package workflows

Last updated on 2021-01-20 07:49:30 CET.

Flavor Version Tinstall Tcheck Ttotal Status Flags
r-devel-linux-x86_64-debian-clang 0.2.1 5.16 72.66 77.82 OK
r-devel-linux-x86_64-debian-gcc 0.2.1 3.95 56.68 60.63 OK
r-devel-linux-x86_64-fedora-clang 0.2.1 106.64 NOTE
r-devel-linux-x86_64-fedora-gcc 0.2.1 93.16 OK
r-devel-windows-ix86+x86_64 0.2.1 10.00 79.00 89.00 OK
r-patched-linux-x86_64 0.2.1 4.90 69.28 74.18 OK
r-patched-solaris-x86 0.2.1 129.60 OK
r-release-linux-x86_64 0.2.1 4.92 69.77 74.69 OK
r-release-macos-x86_64 0.2.1 OK
r-release-windows-ix86+x86_64 0.2.1 10.00 69.00 79.00 OK
r-oldrel-macos-x86_64 0.2.1 OK
r-oldrel-windows-ix86+x86_64 0.2.1 7.00 68.00 75.00 OK

Check Details

Version: 0.2.1
Check: Rd cross-references
Result: NOTE
    Undeclared package ‘tibble’ in Rd xrefs
Flavor: r-devel-linux-x86_64-fedora-clang