CRAN Package Check Results for Package workloopR

Last updated on 2021-08-01 08:52:58 CEST.

Flavor Version Tinstall Tcheck Ttotal Status Flags
r-devel-linux-x86_64-debian-clang 1.1.4 3.07 61.32 64.39 OK
r-devel-linux-x86_64-debian-gcc 1.1.4 2.43 46.35 48.78 OK
r-devel-linux-x86_64-fedora-clang 1.1.4 85.38 OK
r-devel-linux-x86_64-fedora-gcc 1.1.4 76.31 OK
r-devel-windows-x86_64 1.1.4 6.00 84.00 90.00 OK
r-devel-windows-x86_64-gcc10-UCRT 1.1.4 OK
r-patched-linux-x86_64 1.1.4 OK
r-patched-solaris-x86 1.1.4 113.20 OK
r-release-linux-x86_64 1.1.4 2.93 58.16 61.09 OK
r-release-macos-arm64 1.1.4 WARN
r-release-macos-x86_64 1.1.4 OK
r-release-windows-ix86+x86_64 1.1.4 7.00 66.00 73.00 OK
r-oldrel-macos-x86_64 1.1.4 OK
r-oldrel-windows-ix86+x86_64 1.1.4 6.00 84.00 90.00 OK

Check Details

Version: 1.1.4
Check: re-building of vignette outputs
Result: WARN
    Error(s) in re-building vignettes:
    --- re-building ‘Analyzing-workloops.Rmd’ using rmarkdown
    Warning in engine$weave(file, quiet = quiet, encoding = enc) :
     Pandoc (>= 1.12.3) not available. Falling back to R Markdown v1.
    
    Attaching package: 'dplyr'
    
    The following objects are masked from 'package:stats':
    
     filter, lag
    
    The following objects are masked from 'package:base':
    
     intersect, setdiff, setequal, union
    
    Quitting from lines 64-85 (Analyzing-workloops.Rmd)
    Error: processing vignette 'Analyzing-workloops.Rmd' failed with diagnostics:
    polygon edge not found
    --- failed re-building ‘Analyzing-workloops.Rmd’
    
    --- re-building ‘Calculating-twitch-kinetics.Rmd’ using rmarkdown
    Warning in engine$weave(file, quiet = quiet, encoding = enc) :
     Pandoc (>= 1.12.3) not available. Falling back to R Markdown v1.
    Quitting from lines 54-61 (Calculating-twitch-kinetics.Rmd)
    Error: processing vignette 'Calculating-twitch-kinetics.Rmd' failed with diagnostics:
    polygon edge not found
    --- failed re-building ‘Calculating-twitch-kinetics.Rmd’
    
    --- re-building ‘Introduction-to-workloopR.Rmd’ using rmarkdown
    Warning in engine$weave(file, quiet = quiet, encoding = enc) :
     Pandoc (>= 1.12.3) not available. Falling back to R Markdown v1.
    --- finished re-building ‘Introduction-to-workloopR.Rmd’
    
    --- re-building ‘Plotting-workloopR.Rmd’ using rmarkdown
    Warning in engine$weave(file, quiet = quiet, encoding = enc) :
     Pandoc (>= 1.12.3) not available. Falling back to R Markdown v1.
    
    Attaching package: 'purrr'
    
    The following object is masked from 'package:magrittr':
    
     set_names
    
    
    Attaching package: 'tidyr'
    
    The following object is masked from 'package:magrittr':
    
     extract
    
    
    Attaching package: 'dplyr'
    
    The following objects are masked from 'package:stats':
    
     filter, lag
    
    The following objects are masked from 'package:base':
    
     intersect, setdiff, setequal, union
    
    Quitting from lines 52-75 (Plotting-workloopR.Rmd)
    Error: processing vignette 'Plotting-workloopR.Rmd' failed with diagnostics:
    polygon edge not found
    --- failed re-building ‘Plotting-workloopR.Rmd’
    
    --- re-building ‘batch-processing.Rmd’ using rmarkdown
    Warning in engine$weave(file, quiet = quiet, encoding = enc) :
     Pandoc (>= 1.12.3) not available. Falling back to R Markdown v1.
    
    Attaching package: 'purrr'
    
    The following object is masked from 'package:magrittr':
    
     set_names
    
    --- finished re-building ‘batch-processing.Rmd’
    
    --- re-building ‘non-ddf-sources.Rmd’ using rmarkdown
    Warning in engine$weave(file, quiet = quiet, encoding = enc) :
     Pandoc (>= 1.12.3) not available. Falling back to R Markdown v1.
    Quitting from lines 74-87 (non-ddf-sources.Rmd)
    Error: processing vignette 'non-ddf-sources.Rmd' failed with diagnostics:
    polygon edge not found
    --- failed re-building ‘non-ddf-sources.Rmd’
    
    SUMMARY: processing the following files failed:
     ‘Analyzing-workloops.Rmd’ ‘Calculating-twitch-kinetics.Rmd’
     ‘Plotting-workloopR.Rmd’ ‘non-ddf-sources.Rmd’
    
    Error: Vignette re-building failed.
    Execution halted
Flavor: r-release-macos-arm64