Last updated on 2024-03-12 07:50:11 CET.
Flavor | Version | Tinstall | Tcheck | Ttotal | Status | Flags |
---|---|---|---|---|---|---|
r-devel-linux-x86_64-debian-clang | 1.1-2 | 3.47 | 44.30 | 47.77 | OK | |
r-devel-linux-x86_64-debian-gcc | 1.1-2 | 2.54 | 35.62 | 38.16 | OK | |
r-devel-linux-x86_64-fedora-clang | 1.1-2 | 60.27 | NOTE | |||
r-devel-linux-x86_64-fedora-gcc | 1.1-2 | 58.34 | OK | |||
r-devel-windows-x86_64 | 1.1-2 | 5.00 | 66.00 | 71.00 | NOTE | |
r-patched-linux-x86_64 | 1.1-2 | 3.12 | 44.31 | 47.43 | OK | |
r-release-linux-x86_64 | 1.1-2 | 2.06 | 44.48 | 46.54 | OK | |
r-release-macos-arm64 | 1.1-2 | 28.00 | NOTE | |||
r-release-macos-x86_64 | 1.1-2 | 37.00 | NOTE | |||
r-release-windows-x86_64 | 1.1-2 | 6.00 | 67.00 | 73.00 | NOTE | |
r-oldrel-macos-arm64 | 1.1-2 | 25.00 | NOTE | |||
r-oldrel-windows-x86_64 | 1.1-2 | 6.00 | 74.00 | 80.00 | NOTE |
Version: 1.1-2
Check: installed package size
Result: NOTE
installed size is 11.4Mb
sub-directories of 1Mb or more:
data 11.2Mb
Flavors: r-devel-linux-x86_64-fedora-clang, r-devel-windows-x86_64, r-release-macos-arm64, r-release-macos-x86_64, r-release-windows-x86_64, r-oldrel-macos-arm64, r-oldrel-windows-x86_64