Last updated on 2024-04-24 07:57:58 CEST.
Flavor | Version | Tinstall | Tcheck | Ttotal | Status | Flags |
---|---|---|---|---|---|---|
r-devel-linux-x86_64-debian-clang | 1.1-1 | 2.77 | 45.94 | 48.71 | OK | |
r-devel-linux-x86_64-debian-gcc | 1.1-1 | 2.29 | 37.96 | 40.25 | OK | |
r-devel-linux-x86_64-fedora-clang | 1.1-1 | 61.78 | NOTE | |||
r-devel-linux-x86_64-fedora-gcc | 1.1-1 | 58.81 | OK | |||
r-prerel-macos-arm64 | 1.1-1 | 23.00 | NOTE | |||
r-prerel-windows-x86_64 | 1.1-1 | 6.00 | 61.00 | 67.00 | NOTE | |
r-patched-linux-x86_64 | 1.1-1 | 2.89 | 45.22 | 48.11 | OK | |
r-release-linux-x86_64 | 1.1-1 | 2.93 | 44.63 | 47.56 | OK | |
r-release-macos-arm64 | 1.1-1 | 26.00 | NOTE | |||
r-release-macos-x86_64 | 1.1-1 | 38.00 | NOTE | |||
r-release-windows-x86_64 | 1.1-1 | 5.00 | 67.00 | 72.00 | NOTE | |
r-oldrel-macos-arm64 | 1.1-1 | 24.00 | NOTE | |||
r-oldrel-windows-x86_64 | 1.1-1 | 7.00 | 69.00 | 76.00 | NOTE |
Version: 1.1-1
Check: installed package size
Result: NOTE
installed size is 11.4Mb
sub-directories of 1Mb or more:
data 11.3Mb
Flavors: r-devel-linux-x86_64-fedora-clang, r-prerel-macos-arm64, r-prerel-windows-x86_64, r-release-macos-arm64, r-release-macos-x86_64, r-release-windows-x86_64, r-oldrel-macos-arm64, r-oldrel-windows-x86_64