Last updated on 2024-08-31 08:48:26 CEST.
Flavor | Version | Tinstall | Tcheck | Ttotal | Status | Flags |
---|---|---|---|---|---|---|
r-devel-linux-x86_64-debian-clang | 1.12.0 | 20.47 | 270.91 | 291.38 | OK | |
r-devel-linux-x86_64-debian-gcc | 1.12.0 | 12.23 | 178.48 | 190.71 | OK | |
r-devel-linux-x86_64-fedora-clang | 1.12.0 | 483.68 | NOTE | |||
r-devel-linux-x86_64-fedora-gcc | 1.12.0 | 287.93 | OK | |||
r-devel-windows-x86_64 | 1.12.0 | 22.00 | 207.00 | 229.00 | NOTE | |
r-patched-linux-x86_64 | 1.12.0 | 21.15 | 259.01 | 280.16 | OK | |
r-release-linux-x86_64 | 1.12.0 | 18.62 | 258.95 | 277.57 | OK | |
r-release-macos-arm64 | 1.12.0 | 91.00 | NOTE | |||
r-release-macos-x86_64 | 1.12.0 | 294.00 | NOTE | |||
r-release-windows-x86_64 | 1.12.0 | 20.00 | 221.00 | 241.00 | NOTE | |
r-oldrel-macos-arm64 | 1.12.0 | 115.00 | NOTE | |||
r-oldrel-macos-x86_64 | 1.12.0 | 240.00 | NOTE | |||
r-oldrel-windows-x86_64 | 1.12.0 | 27.00 | 247.00 | 274.00 | NOTE |
Version: 1.12.0
Check: installed package size
Result: NOTE
installed size is 7.0Mb
sub-directories of 1Mb or more:
doc 3.4Mb
extdata 2.5Mb
Flavors: r-devel-linux-x86_64-fedora-clang, r-devel-windows-x86_64, r-release-macos-arm64, r-release-macos-x86_64, r-release-windows-x86_64, r-oldrel-macos-arm64, r-oldrel-macos-x86_64, r-oldrel-windows-x86_64
Version: 1.12.0
Check: package dependencies
Result: NOTE
Package suggested but not available for checking: ‘ROTS’
Flavors: r-oldrel-macos-arm64, r-oldrel-macos-x86_64