Last updated on 2024-04-23 08:58:21 CEST.
Flavor | Version | Tinstall | Tcheck | Ttotal | Status | Flags |
---|---|---|---|---|---|---|
r-devel-linux-x86_64-debian-clang | 1.1.19 | 9.11 | 148.14 | 157.25 | NOTE | |
r-devel-linux-x86_64-debian-gcc | 1.1.19 | 7.49 | 109.39 | 116.88 | NOTE | |
r-devel-linux-x86_64-fedora-clang | 1.1.19 | 199.44 | NOTE | |||
r-devel-linux-x86_64-fedora-gcc | 1.1.19 | 192.92 | NOTE | |||
r-prerel-macos-arm64 | 1.1.19 | 67.00 | NOTE | |||
r-prerel-windows-x86_64 | 1.1.19 | 9.00 | 144.00 | 153.00 | NOTE | |
r-patched-linux-x86_64 | 1.1.19 | 6.58 | 138.22 | 144.80 | NOTE | |
r-release-linux-x86_64 | 1.1.19 | 5.59 | 137.58 | 143.17 | OK | |
r-release-macos-arm64 | 1.1.19 | 68.00 | OK | |||
r-release-macos-x86_64 | 1.1.19 | 100.00 | OK | |||
r-release-windows-x86_64 | 1.1.19 | 12.00 | 175.00 | 187.00 | OK | |
r-oldrel-macos-arm64 | 1.1.19 | 56.00 | OK | |||
r-oldrel-windows-x86_64 | 1.1.19 | 11.00 | 174.00 | 185.00 | OK |
Version: 1.1.19
Check: Rd files
Result: NOTE
checkRd: (-1) completeManualPage.Rd:12: Lost braces
12 | See \emph{\bold{code{\link{ProcessingContext}}}}. Only
| ^
checkRd: (-1) produceAllManualPagesFromObject.Rd:14: Lost braces
14 | See \emph{\bold{\\code{\link{ProcessingContext}}}}.}
| ^
Flavors: r-devel-linux-x86_64-debian-clang, r-devel-linux-x86_64-debian-gcc, r-devel-linux-x86_64-fedora-clang, r-devel-linux-x86_64-fedora-gcc, r-prerel-macos-arm64, r-prerel-windows-x86_64, r-patched-linux-x86_64