Last updated on 2024-03-12 07:50:11 CET.
Flavor | Version | Tinstall | Tcheck | Ttotal | Status | Flags |
---|---|---|---|---|---|---|
r-devel-linux-x86_64-debian-clang | 2.3 | 18.79 | 127.51 | 146.30 | OK | |
r-devel-linux-x86_64-debian-gcc | 2.3 | 13.42 | 99.00 | 112.42 | OK | |
r-devel-linux-x86_64-fedora-clang | 2.3 | 182.81 | OK | |||
r-devel-linux-x86_64-fedora-gcc | 2.3 | 170.21 | OK | |||
r-devel-windows-x86_64 | 2.3 | 15.00 | 107.00 | 122.00 | OK | |
r-patched-linux-x86_64 | 2.3 | 11.73 | 128.36 | 140.09 | OK | |
r-release-linux-x86_64 | 2.3 | 10.80 | 127.65 | 138.45 | OK | |
r-release-macos-arm64 | 2.3 | 56.00 | OK | |||
r-release-macos-x86_64 | 2.3 | 126.00 | OK | |||
r-release-windows-x86_64 | 2.3 | 15.00 | 5.00 | 20.00 | ERROR | |
r-oldrel-macos-arm64 | 2.3 | 55.00 | OK | |||
r-oldrel-windows-x86_64 | 2.3 | 14.00 | 10.00 | 24.00 | ERROR |
Version: 2.3
Check: whether package can be installed
Result: ERROR
Installation failed.
Flavors: r-release-windows-x86_64, r-oldrel-windows-x86_64