Last updated on 2023-03-28 08:55:07 CEST.
Flavor | Version | Tinstall | Tcheck | Ttotal | Status | Flags |
---|---|---|---|---|---|---|
r-devel-linux-x86_64-debian-clang | 1.0.1.1 | 27.03 | 93.74 | 120.77 | NOTE | |
r-devel-linux-x86_64-debian-gcc | 1.0.1.1 | 17.37 | 68.62 | 85.99 | NOTE | |
r-devel-linux-x86_64-fedora-clang | 1.0.1.1 | 142.55 | NOTE | |||
r-devel-linux-x86_64-fedora-gcc | 1.0.1.1 | 161.38 | NOTE | |||
r-patched-linux-x86_64 | 1.0.1.1 | 22.33 | 88.54 | 110.87 | NOTE | |
r-release-linux-x86_64 | 1.0.1.1 | 19.77 | 85.47 | 105.24 | NOTE | |
r-release-macos-arm64 | 1.0.1.1 | 41.00 | NOTE | |||
r-release-macos-x86_64 | 1.0.1.1 | 55.00 | NOTE | |||
r-release-windows-x86_64 | 1.0.1.1 | 36.00 | 106.00 | 142.00 | NOTE | |
r-oldrel-macos-arm64 | 1.0.1.1 | 41.00 | NOTE | |||
r-oldrel-macos-x86_64 | 1.0.1.1 | 60.00 | NOTE | |||
r-oldrel-windows-ix86+x86_64 | 1.0.1.1 | 41.00 | 136.00 | 177.00 | NOTE |
Version: 1.0.1.1
Check: LazyData
Result: NOTE
'LazyData' is specified without a 'data' directory
Flavors: r-devel-linux-x86_64-debian-clang, r-devel-linux-x86_64-debian-gcc, r-devel-linux-x86_64-fedora-clang, r-devel-linux-x86_64-fedora-gcc, r-patched-linux-x86_64, r-release-linux-x86_64, r-release-macos-arm64, r-release-macos-x86_64, r-release-windows-x86_64, r-oldrel-macos-arm64, r-oldrel-macos-x86_64, r-oldrel-windows-ix86+x86_64
Version: 1.0.1.1
Check: for non-standard things in the check directory
Result: NOTE
Found the following files/directories:
‘RP2_data_1.txt’ ‘RP2_data_4.txt’ ‘RP2_qtl_1.txt’ ‘RP2_qtl_4.txt’
‘hp1_effect_qtl.txt’ ‘hp1_freq_mrk.txt’ ‘hp1_freq_qtl.txt’
‘hp1_genome.txt’ ‘hp1_last_hp_data.txt’ ‘hp1_lm_mrk.txt’
‘hp1_lm_qtl.txt’ ‘hp1_lm_qtl_mrk.txt’ ‘hp1_mrk.txt’ ‘hp1_qtl.txt’
‘hp2_effect_qtl.txt’ ‘hp2_freq_mrk.txt’ ‘hp2_freq_qtl.txt’
‘hp2_genome.txt’ ‘hp2_last_hp_data.txt’ ‘hp2_lm_mrk.txt’
‘hp2_lm_qtl.txt’ ‘hp2_lm_qtl_mrk.txt’ ‘hp2_mrk.txt’ ‘hp2_qtl.txt’
‘my_RP_data_1.txt’ ‘my_RP_data_4.txt’ ‘my_RP_mrk_1.txt’
‘my_RP_mrk_4.txt’
Flavors: r-devel-linux-x86_64-debian-clang, r-devel-linux-x86_64-debian-gcc, r-devel-linux-x86_64-fedora-clang, r-devel-linux-x86_64-fedora-gcc, r-patched-linux-x86_64, r-release-linux-x86_64