Last updated on 2024-04-25 08:00:12 CEST.
Flavor | Version | Tinstall | Tcheck | Ttotal | Status | Flags |
---|---|---|---|---|---|---|
r-devel-linux-x86_64-debian-clang | 0.1.2 | 3.20 | 44.28 | 47.48 | NOTE | |
r-devel-linux-x86_64-debian-gcc | 0.1.2 | 2.38 | 34.06 | 36.44 | NOTE | |
r-devel-linux-x86_64-fedora-clang | 0.1.2 | 61.13 | NOTE | |||
r-devel-linux-x86_64-fedora-gcc | 0.1.2 | 69.58 | NOTE | |||
r-devel-windows-x86_64 | 0.1.2 | 4.00 | 54.00 | 58.00 | NOTE | |
r-patched-linux-x86_64 | 0.1.2 | 3.14 | 42.77 | 45.91 | NOTE | |
r-release-linux-x86_64 | 0.1.2 | 2.70 | 41.60 | 44.30 | NOTE | |
r-release-macos-arm64 | 0.1.2 | 27.00 | NOTE | |||
r-release-windows-x86_64 | 0.1.2 | 3.00 | 54.00 | 57.00 | NOTE | |
r-oldrel-macos-arm64 | 0.1.2 | 30.00 | NOTE | |||
r-oldrel-macos-x86_64 | 0.1.2 | 45.00 | NOTE | |||
r-oldrel-windows-x86_64 | 0.1.2 | 5.00 | 55.00 | 60.00 | NOTE |
Version: 0.1.2
Check: LazyData
Result: NOTE
'LazyData' is specified without a 'data' directory
Flavors: r-devel-linux-x86_64-debian-clang, r-devel-linux-x86_64-debian-gcc, r-devel-linux-x86_64-fedora-clang, r-devel-linux-x86_64-fedora-gcc, r-devel-windows-x86_64, r-patched-linux-x86_64, r-release-linux-x86_64, r-release-macos-arm64, r-release-windows-x86_64, r-oldrel-macos-arm64, r-oldrel-macos-x86_64, r-oldrel-windows-x86_64
Version: 0.1.2
Check: for non-standard things in the check directory
Result: NOTE
Found the following files/directories:
‘xgb.txt’
Flavors: r-devel-linux-x86_64-debian-clang, r-devel-linux-x86_64-debian-gcc, r-devel-linux-x86_64-fedora-clang, r-devel-linux-x86_64-fedora-gcc, r-patched-linux-x86_64, r-release-linux-x86_64