CRAN Package Check Results for Package xml2

Last updated on 2020-11-26 07:48:35 CET.

Flavor Version Tinstall Tcheck Ttotal Status Flags
r-devel-linux-x86_64-debian-clang 1.3.2 20.09 41.69 61.78 OK
r-devel-linux-x86_64-debian-gcc 1.3.2 18.48 35.80 54.28 OK
r-devel-linux-x86_64-fedora-clang 1.3.2 81.25 OK
r-devel-linux-x86_64-fedora-gcc 1.3.2 65.11 OK
r-devel-windows-ix86+x86_64 1.3.2 1.00 7.00 8.00 ERROR
r-patched-linux-x86_64 1.3.2 29.50 43.55 73.05 OK
r-patched-solaris-x86 1.3.2 85.90 OK
r-release-linux-x86_64 1.3.2 30.31 43.44 73.75 OK
r-release-macos-x86_64 1.3.2 WARN
r-release-windows-ix86+x86_64 1.3.2 40.00 69.00 109.00 NOTE
r-oldrel-macos-x86_64 1.3.2 OK
r-oldrel-windows-ix86+x86_64 1.3.2 1.00 5.00 6.00 ERROR

Check Details

Version: 1.3.2
Check: whether package can be installed
Result: ERROR
    Installation failed.
Flavors: r-devel-windows-ix86+x86_64, r-oldrel-windows-ix86+x86_64

Version: 1.3.2
Check: installed package size
Result: NOTE
     installed size is 6.3Mb
     sub-directories of 1Mb or more:
     libs 5.9Mb
Flavors: r-release-macos-x86_64, r-release-windows-ix86+x86_64

Version: 1.3.2
Check: re-building of vignette outputs
Result: WARN
    Error(s) in re-building vignettes:
     ...
    --- re-building ‘modification.Rmd’ using rmarkdown
    Warning in engine$weave(file, quiet = quiet, encoding = enc) :
     Pandoc (>= 1.12.3) and/or pandoc-citeproc not available. Falling back to R Markdown v1.
    Error: processing vignette 'modification.Rmd' failed with diagnostics:
    there is no package called 'stringi'
    --- failed re-building ‘modification.Rmd’
    
    SUMMARY: processing the following file failed:
     ‘modification.Rmd’
    
    Error: Vignette re-building failed.
    Execution halted
Flavor: r-release-macos-x86_64