CRAN Package Check Results for Package xmlparsedata

Last updated on 2024-05-24 08:55:51 CEST.

Flavor Version Tinstall Tcheck Ttotal Status Flags
r-devel-linux-x86_64-debian-clang 1.0.5 2.01 23.51 25.52 NOTE
r-devel-linux-x86_64-debian-gcc 1.0.5 1.51 18.12 19.63 NOTE
r-devel-linux-x86_64-fedora-clang 1.0.5 31.89 NOTE
r-devel-linux-x86_64-fedora-gcc 1.0.5 30.13 NOTE
r-devel-windows-x86_64 1.0.5 2.00 39.00 41.00 NOTE
r-patched-linux-x86_64 1.0.5 2.05 22.64 24.69 NOTE
r-release-linux-x86_64 1.0.5 1.58 21.93 23.51 NOTE
r-release-macos-arm64 1.0.5 15.00 NOTE
r-release-windows-x86_64 1.0.5 3.00 78.00 81.00 NOTE
r-oldrel-macos-arm64 1.0.5 20.00 NOTE
r-oldrel-macos-x86_64 1.0.5 19.00 NOTE
r-oldrel-windows-x86_64 1.0.5 2.00 40.00 42.00 NOTE

Check Details

Version: 1.0.5
Check: LazyData
Result: NOTE 'LazyData' is specified without a 'data' directory Flavors: r-devel-linux-x86_64-debian-clang, r-devel-linux-x86_64-debian-gcc, r-devel-linux-x86_64-fedora-clang, r-devel-linux-x86_64-fedora-gcc, r-devel-windows-x86_64, r-patched-linux-x86_64, r-release-linux-x86_64, r-release-macos-arm64, r-release-windows-x86_64, r-oldrel-macos-arm64, r-oldrel-macos-x86_64, r-oldrel-windows-x86_64