Last updated on 2024-03-12 07:50:11 CET.
Flavor | Version | Tinstall | Tcheck | Ttotal | Status | Flags |
---|---|---|---|---|---|---|
r-devel-linux-x86_64-debian-clang | 1.1.1 | 6.71 | 49.26 | 55.97 | NOTE | |
r-devel-linux-x86_64-debian-gcc | 1.1.1 | 4.73 | 39.68 | 44.41 | NOTE | |
r-devel-linux-x86_64-fedora-clang | 1.1.1 | 74.06 | NOTE | |||
r-devel-linux-x86_64-fedora-gcc | 1.1.1 | 81.34 | NOTE | |||
r-devel-windows-x86_64 | 1.1.1 | 7.00 | 59.00 | 66.00 | NOTE | |
r-patched-linux-x86_64 | 1.1.1 | 4.04 | 47.48 | 51.52 | NOTE | |
r-release-linux-x86_64 | 1.1.1 | 3.86 | 47.98 | 51.84 | NOTE | |
r-release-macos-arm64 | 1.1.1 | 29.00 | NOTE | |||
r-release-macos-x86_64 | 1.1.1 | 48.00 | NOTE | |||
r-release-windows-x86_64 | 1.1.1 | 8.00 | 61.00 | 69.00 | NOTE | |
r-oldrel-macos-arm64 | 1.1.1 | 21.00 | NOTE | |||
r-oldrel-windows-x86_64 | 1.1.1 | 9.00 | 67.00 | 76.00 | NOTE |
Version: 1.1.1
Check: LazyData
Result: NOTE
'LazyData' is specified without a 'data' directory
Flavors: r-devel-linux-x86_64-debian-clang, r-devel-linux-x86_64-debian-gcc, r-devel-linux-x86_64-fedora-clang, r-devel-linux-x86_64-fedora-gcc, r-devel-windows-x86_64, r-patched-linux-x86_64, r-release-linux-x86_64, r-release-macos-arm64, r-release-macos-x86_64, r-release-windows-x86_64, r-oldrel-macos-arm64, r-oldrel-windows-x86_64
Version: 1.1.1
Check: dependencies in R code
Result: NOTE
Namespaces in Imports field not imported from:
‘qpdf’ ‘rlang’ ‘tibble’
All declared Imports should be used.
Flavors: r-devel-linux-x86_64-fedora-clang, r-devel-linux-x86_64-fedora-gcc, r-oldrel-macos-arm64