Last updated on 2021-01-19 07:51:01 CET.
Flavor | Version | Tinstall | Tcheck | Ttotal | Status | Flags |
---|---|---|---|---|---|---|
r-devel-linux-x86_64-debian-clang | 0.4.12 | 13.50 | 225.97 | 239.47 | OK | |
r-devel-linux-x86_64-debian-gcc | 0.4.12 | 10.65 | 165.02 | 175.67 | OK | |
r-devel-linux-x86_64-fedora-clang | 0.4.12 | 324.95 | OK | |||
r-devel-linux-x86_64-fedora-gcc | 0.4.12 | 302.03 | OK | |||
r-devel-windows-ix86+x86_64 | 0.4.12 | 19.00 | 256.00 | 275.00 | OK | |
r-patched-linux-x86_64 | 0.4.12 | 13.42 | 212.27 | 225.69 | OK | |
r-patched-solaris-x86 | 0.4.12 | 350.60 | NOTE | |||
r-release-linux-x86_64 | 0.4.12 | 13.71 | 214.52 | 228.23 | OK | |
r-release-macos-x86_64 | 0.4.12 | OK | ||||
r-release-windows-ix86+x86_64 | 0.4.12 | 26.00 | 209.00 | 235.00 | OK | |
r-oldrel-macos-x86_64 | 0.4.12 | OK | ||||
r-oldrel-windows-ix86+x86_64 | 0.4.12 | 16.00 | 200.00 | 216.00 | OK |
Version: 0.4.12
Check: installed package size
Result: NOTE
installed size is 5.0Mb
sub-directories of 1Mb or more:
doc 2.9Mb
Flavor: r-patched-solaris-x86