CRAN Package Check Results for Package xutils

Last updated on 2021-05-14 09:51:13 CEST.

Flavor Version Tinstall Tcheck Ttotal Status Flags
r-devel-linux-x86_64-debian-clang 0.0.1 19.10 29.49 48.59 NOTE
r-devel-linux-x86_64-debian-gcc 0.0.1 11.14 23.52 34.66 NOTE
r-devel-linux-x86_64-fedora-clang 0.0.1 74.05 NOTE
r-devel-linux-x86_64-fedora-gcc 0.0.1 57.92 NOTE
r-devel-windows-ix86+x86_64 0.0.1 39.00 8.00 47.00 ERROR
r-devel-windows-x86_64-gcc10-UCRT 0.0.1 NOTE
r-patched-linux-x86_64 0.0.1 13.70 28.76 42.46 NOTE
r-patched-solaris-x86 0.0.1 75.80 NOTE
r-release-linux-x86_64 0.0.1 13.78 28.50 42.28 OK
r-release-macos-x86_64 0.0.1 OK
r-release-windows-ix86+x86_64 0.0.1 36.00 69.00 105.00 OK
r-oldrel-macos-x86_64 0.0.1 OK
r-oldrel-windows-ix86+x86_64 0.0.1 40.00 6.00 46.00 ERROR

Check Details

Version: 0.0.1
Check: LazyData
Result: NOTE
     'LazyData' is specified without a 'data' directory
Flavors: r-devel-linux-x86_64-debian-clang, r-devel-linux-x86_64-debian-gcc, r-devel-linux-x86_64-fedora-clang, r-devel-linux-x86_64-fedora-gcc, r-devel-windows-x86_64-gcc10-UCRT, r-patched-linux-x86_64, r-patched-solaris-x86

Version: 0.0.1
Check: whether package can be installed
Result: ERROR
    Installation failed.
Flavors: r-devel-windows-ix86+x86_64, r-oldrel-windows-ix86+x86_64