Last updated on 2024-04-24 07:57:58 CEST.
Flavor | Version | Tinstall | Tcheck | Ttotal | Status | Flags |
---|---|---|---|---|---|---|
r-devel-linux-x86_64-debian-clang | 1.3.1 | 10.55 | 229.42 | 239.97 | OK | |
r-devel-linux-x86_64-debian-gcc | 1.3.1 | 10.29 | 167.03 | 177.32 | OK | |
r-devel-linux-x86_64-fedora-clang | 1.3.1 | 322.54 | NOTE | |||
r-devel-linux-x86_64-fedora-gcc | 1.3.1 | 335.13 | OK | |||
r-prerel-macos-arm64 | 1.3.1 | 88.00 | OK | |||
r-prerel-macos-x86_64 | 1.3.1 | 281.00 | OK | |||
r-prerel-windows-x86_64 | 1.3.1 | 15.00 | 202.00 | 217.00 | OK | |
r-patched-linux-x86_64 | 1.3.1 | 19.61 | 225.95 | 245.56 | OK | |
r-release-linux-x86_64 | 1.3.1 | 13.15 | 226.25 | 239.40 | OK | |
r-release-macos-arm64 | 1.3.1 | 89.00 | OK | |||
r-release-macos-x86_64 | 1.3.1 | 219.00 | OK | |||
r-release-windows-x86_64 | 1.3.1 | 19.00 | 269.00 | 288.00 | OK | |
r-oldrel-macos-arm64 | 1.3.1 | 89.00 | OK | |||
r-oldrel-windows-x86_64 | 1.3.1 | 20.00 | 251.00 | 271.00 | OK |
Version: 1.3.1
Check: Rd cross-references
Result: NOTE
Undeclared package ‘parsnip’ in Rd xrefs
Flavor: r-devel-linux-x86_64-fedora-clang