CRAN Package Check Results for Package yesno

Last updated on 2024-05-23 08:56:18 CEST.

Flavor Version Tinstall Tcheck Ttotal Status Flags
r-devel-linux-x86_64-debian-clang 0.1.2 1.89 23.09 24.98 NOTE
r-devel-linux-x86_64-debian-gcc 0.1.2 1.35 18.42 19.77 NOTE
r-devel-linux-x86_64-fedora-clang 0.1.2 32.40 NOTE
r-devel-linux-x86_64-fedora-gcc 0.1.2 30.28 NOTE
r-devel-windows-x86_64 0.1.2 3.00 45.00 48.00 NOTE
r-patched-linux-x86_64 0.1.2 1.42 23.00 24.42 NOTE
r-release-linux-x86_64 0.1.2 1.56 22.42 23.98 NOTE
r-release-macos-arm64 0.1.2 14.00 NOTE
r-release-windows-x86_64 0.1.2 2.00 46.00 48.00 NOTE
r-oldrel-macos-arm64 0.1.2 17.00 NOTE
r-oldrel-macos-x86_64 0.1.2 21.00 NOTE
r-oldrel-windows-x86_64 0.1.2 3.00 44.00 47.00 NOTE

Check Details

Version: 0.1.2
Check: LazyData
Result: NOTE 'LazyData' is specified without a 'data' directory Flavors: r-devel-linux-x86_64-debian-clang, r-devel-linux-x86_64-debian-gcc, r-devel-linux-x86_64-fedora-clang, r-devel-linux-x86_64-fedora-gcc, r-devel-windows-x86_64, r-patched-linux-x86_64, r-release-linux-x86_64, r-release-macos-arm64, r-release-windows-x86_64, r-oldrel-macos-arm64, r-oldrel-macos-x86_64, r-oldrel-windows-x86_64