CRAN Package Check Results for Package zoib

Last updated on 2021-07-29 09:53:49 CEST.

Flavor Version Tinstall Tcheck Ttotal Status Flags
r-devel-linux-x86_64-debian-clang 1.5.5 OK
r-devel-linux-x86_64-debian-gcc 1.5.5 8.96 54.47 63.43 OK
r-devel-linux-x86_64-fedora-clang 1.5.5 101.96 OK
r-devel-linux-x86_64-fedora-gcc 1.5.5 90.91 OK
r-devel-windows-x86_64 1.5.5 13.00 104.00 117.00 OK
r-devel-windows-x86_64-gcc10-UCRT 1.5.5 OK
r-patched-linux-x86_64 1.5.5 12.93 64.72 77.65 OK
r-patched-solaris-x86 1.5.5 163.90 OK
r-release-linux-x86_64 1.5.5 9.73 63.46 73.19 OK
r-release-macos-arm64 1.5.5 ERROR
r-release-macos-x86_64 1.5.5 OK
r-release-windows-ix86+x86_64 1.5.5 17.00 67.00 84.00 OK
r-oldrel-macos-x86_64 1.5.5 OK
r-oldrel-windows-ix86+x86_64 1.5.5 14.00 85.00 99.00 OK

Check Details

Version: 1.5.5
Check: package dependencies
Result: ERROR
    Package required but not available: ‘rjags’
    
    See section ‘The DESCRIPTION file’ in the ‘Writing R Extensions’
    manual.
Flavor: r-release-macos-arm64