CRAN Package Check Results for Package RecordLinkage

Last updated on 2021-05-11 08:48:25 CEST.

Flavor Version Tinstall Tcheck Ttotal Status Flags
r-devel-linux-x86_64-debian-clang 0.4-12.1 18.65 185.85 204.50 OK
r-devel-linux-x86_64-debian-gcc 0.4-12.1 14.56 135.11 149.67 OK
r-devel-linux-x86_64-fedora-clang 0.4-12.1 253.24 OK
r-devel-linux-x86_64-fedora-gcc 0.4-12.1 235.89 OK
r-devel-windows-ix86+x86_64 0.4-12.1 33.00 237.00 270.00 OK
r-devel-windows-x86_64-gcc10-UCRT 0.4-12.1 OK
r-patched-linux-x86_64 0.4-12.1 23.65 174.76 198.41 OK
r-patched-solaris-x86 0.4-12.1 370.00 OK
r-release-linux-x86_64 0.4-12.1 16.97 171.53 188.50 OK
r-release-macos-x86_64 0.4-12.1 OK
r-release-windows-ix86+x86_64 0.4-12.1 34.00 262.00 296.00 OK
r-oldrel-macos-x86_64 0.4-12.1 OK
r-oldrel-windows-ix86+x86_64 0.4-12.1 36.00 10.00 46.00 ERROR

Check Details

Version: 0.4-12.1
Check: whether package can be installed
Result: ERROR
    Installation failed.
Flavor: r-oldrel-windows-ix86+x86_64