Last updated on 2024-03-12 07:49:47 CET.
Flavor | Version | Tinstall | Tcheck | Ttotal | Status | Flags |
---|---|---|---|---|---|---|
r-devel-linux-x86_64-debian-clang | 2.5.3 | 5.55 | 38.69 | 44.24 | NOTE | |
r-devel-linux-x86_64-debian-gcc | 2.5.3 | 4.96 | 29.70 | 34.66 | NOTE | |
r-devel-linux-x86_64-fedora-clang | 2.5.3 | 55.49 | NOTE | |||
r-devel-linux-x86_64-fedora-gcc | 2.5.3 | 53.31 | NOTE | |||
r-devel-windows-x86_64 | 2.5.3 | 5.00 | 51.00 | 56.00 | OK | |
r-patched-linux-x86_64 | 2.5.3 | 7.39 | 38.61 | 46.00 | OK | |
r-release-linux-x86_64 | 2.5.3 | 6.53 | 38.52 | 45.05 | OK | |
r-release-macos-arm64 | 2.5.3 | 24.00 | OK | |||
r-release-macos-x86_64 | 2.5.3 | 43.00 | OK | |||
r-release-windows-x86_64 | 2.5.3 | 6.00 | 53.00 | 59.00 | OK | |
r-oldrel-macos-arm64 | 2.5.3 | 22.00 | NOTE | |||
r-oldrel-windows-x86_64 | 2.5.3 | 8.00 | 58.00 | 66.00 | NOTE |
Version: 2.5.3
Check: Rd files
Result: NOTE
checkRd: (-1) amDataset.Rd:28: Lost braces
28 | A code{matrix} or \code{data.frame} containing samples in rows and alleles in columns.\cr
| ^
Flavors: r-devel-linux-x86_64-debian-clang, r-devel-linux-x86_64-debian-gcc, r-devel-linux-x86_64-fedora-clang, r-devel-linux-x86_64-fedora-gcc
Version: 2.5.3
Check: S3 generic/method consistency
Result: NOTE
Found the following apparent S3 methods exported but not registered:
print.amAlleleFreq print.amDataset summary.amCluster
summary.amPairwise summary.amUnique
See section ‘Registering S3 methods’ in the ‘Writing R Extensions’
manual.
Flavors: r-oldrel-macos-arm64, r-oldrel-windows-x86_64