CRAN Package Check Results for Package blob

Last updated on 2021-04-23 08:47:16 CEST.

Flavor Version Tinstall Tcheck Ttotal Status Flags
r-devel-linux-x86_64-debian-clang 1.2.1 2.38 28.66 31.04 NOTE
r-devel-linux-x86_64-debian-gcc 1.2.1 2.08 22.55 24.63 NOTE
r-devel-linux-x86_64-fedora-clang 1.2.1 47.90 NOTE
r-devel-linux-x86_64-fedora-gcc 1.2.1 38.03 NOTE
r-devel-windows-ix86+x86_64 1.2.1 8.00 48.00 56.00 NOTE
r-devel-windows-x86_64-gcc10-UCRT 1.2.1 NOTE
r-patched-linux-x86_64 1.2.1 2.57 27.70 30.27 NOTE
r-patched-solaris-x86 1.2.1 56.70 OK
r-release-linux-x86_64 1.2.1 2.91 27.71 30.62 OK
r-release-macos-x86_64 1.2.1 OK
r-release-windows-ix86+x86_64 1.2.1 6.00 45.00 51.00 OK
r-oldrel-macos-x86_64 1.2.1 OK
r-oldrel-windows-ix86+x86_64 1.2.1 6.00 44.00 50.00 OK

Check Details

Version: 1.2.1
Check: LazyData
Result: NOTE
     'LazyData' is specified without a 'data' directory
Flavors: r-devel-linux-x86_64-debian-clang, r-devel-linux-x86_64-debian-gcc, r-devel-linux-x86_64-fedora-clang, r-devel-linux-x86_64-fedora-gcc, r-devel-windows-ix86+x86_64, r-devel-windows-x86_64-gcc10-UCRT, r-patched-linux-x86_64