CRAN Package Check Results for Package rintrojs

Last updated on 2021-09-20 08:50:40 CEST.

Flavor Version Tinstall Tcheck Ttotal Status Flags
r-devel-linux-x86_64-debian-clang 0.3.0 3.30 34.27 37.57 OK
r-devel-linux-x86_64-debian-gcc 0.3.0 2.68 26.98 29.66 OK
r-devel-linux-x86_64-fedora-clang 0.3.0 55.08 OK
r-devel-linux-x86_64-fedora-gcc 0.3.0 45.12 OK
r-devel-windows-x86_64 0.3.0 4.00 44.00 48.00 OK
r-devel-windows-x86_64-gcc10-UCRT 0.3.0 ERROR
r-patched-linux-x86_64 0.3.0 3.32 33.77 37.09 OK
r-patched-solaris-x86 0.3.0 72.20 OK
r-release-linux-x86_64 0.3.0 2.87 32.95 35.82 OK
r-release-macos-arm64 0.3.0 OK
r-release-macos-x86_64 0.3.0 OK
r-release-windows-ix86+x86_64 0.3.0 9.00 42.00 51.00 OK
r-oldrel-macos-x86_64 0.3.0 OK
r-oldrel-windows-ix86+x86_64 0.3.0 9.00 43.00 52.00 OK

Check Details

Version: 0.3.0
Check: whether package can be installed
Result: WARN
    Found the following significant warnings:
     WARNING: installation-time patches will not be applied, could not get the patches index
Flavor: r-devel-windows-x86_64-gcc10-UCRT

Version: 0.3.0
Check: PDF version of manual
Result: WARN
    LaTeX errors when creating PDF version.
    This typically indicates Rd problems.
Flavor: r-devel-windows-x86_64-gcc10-UCRT

Version: 0.3.0
Check: PDF version of manual without hyperrefs or index
Result: ERROR
    Re-running with no redirection of stdout/stderr.
Flavor: r-devel-windows-x86_64-gcc10-UCRT