CRAN Package Check Results for Package shinyMobile

Last updated on 2021-08-01 08:52:53 CEST.

Flavor Version Tinstall Tcheck Ttotal Status Flags
r-devel-linux-x86_64-debian-clang 0.9.0 7.33 68.17 75.50 OK
r-devel-linux-x86_64-debian-gcc 0.9.0 6.19 52.98 59.17 OK
r-devel-linux-x86_64-fedora-clang 0.9.0 100.02 OK
r-devel-linux-x86_64-fedora-gcc 0.9.0 93.36 OK
r-devel-windows-x86_64 0.9.0 12.00 105.00 117.00 OK
r-devel-windows-x86_64-gcc10-UCRT 0.9.0 OK
r-patched-linux-x86_64 0.9.0 OK
r-patched-solaris-x86 0.9.0 123.50 WARN
r-release-linux-x86_64 0.9.0 7.26 66.46 73.72 OK
r-release-macos-arm64 0.9.0 OK
r-release-macos-x86_64 0.9.0 OK
r-release-windows-ix86+x86_64 0.9.0 16.00 106.00 122.00 OK
r-oldrel-macos-x86_64 0.9.0 OK
r-oldrel-windows-ix86+x86_64 0.9.0 15.00 83.00 98.00 OK

Check Details

Version: 0.9.0
Check: re-building of vignette outputs
Result: WARN
    Error(s) in re-building vignettes:
     ...
    --- re-building ‘Gadgets.Rmd’ using rmarkdown
    Warning in engine$weave(file, quiet = quiet, encoding = enc) :
     Pandoc (>= 1.12.3) not available. Falling back to R Markdown v1.
    --- finished re-building ‘Gadgets.Rmd’
    
    --- re-building ‘Single-Layout.Rmd’ using rmarkdown
    Warning in engine$weave(file, quiet = quiet, encoding = enc) :
     Pandoc (>= 1.12.3) not available. Falling back to R Markdown v1.
    --- finished re-building ‘Single-Layout.Rmd’
    
    --- re-building ‘Split-Layout.Rmd’ using rmarkdown
    Warning in engine$weave(file, quiet = quiet, encoding = enc) :
     Pandoc (>= 1.12.3) not available. Falling back to R Markdown v1.
    --- finished re-building ‘Split-Layout.Rmd’
    
    --- re-building ‘Tabs-Layout.Rmd’ using rmarkdown
    Warning in engine$weave(file, quiet = quiet, encoding = enc) :
     Pandoc (>= 1.12.3) not available. Falling back to R Markdown v1.
    --- finished re-building ‘Tabs-Layout.Rmd’
    
    --- re-building ‘shinyMobile.Rmd’ using rmarkdown
    Warning in engine$weave(file, quiet = quiet, encoding = enc) :
     Pandoc (>= 1.12.3) not available. Falling back to R Markdown v1.
    Quitting from lines 13-14 (shinyMobile.Rmd)
    Error: processing vignette 'shinyMobile.Rmd' failed with diagnostics:
    there is no package called 'webshot'
    --- failed re-building ‘shinyMobile.Rmd’
    
    --- re-building ‘shinyMobile_tools.Rmd’ using rmarkdown
    Warning in engine$weave(file, quiet = quiet, encoding = enc) :
     Pandoc (>= 1.12.3) not available. Falling back to R Markdown v1.
    --- finished re-building ‘shinyMobile_tools.Rmd’
    
    SUMMARY: processing the following file failed:
     ‘shinyMobile.Rmd’
    
    Error: Vignette re-building failed.
    Execution halted
Flavor: r-patched-solaris-x86