Last updated on 2024-04-26 08:55:16 CEST.
Flavor | Version | Tinstall | Tcheck | Ttotal | Status | Flags |
---|---|---|---|---|---|---|
r-devel-linux-x86_64-debian-clang | 1.0.2 | 6.38 | 229.93 | 236.31 | NOTE | |
r-devel-linux-x86_64-debian-gcc | 1.0.2 | 4.73 | 160.44 | 165.17 | NOTE | |
r-devel-linux-x86_64-fedora-clang | 1.0.2 | 301.58 | NOTE | |||
r-devel-linux-x86_64-fedora-gcc | 1.0.2 | 299.48 | NOTE | |||
r-devel-windows-x86_64 | 1.0.2 | 6.00 | 173.00 | 179.00 | NOTE | |
r-patched-linux-x86_64 | 1.0.2 | 4.59 | 218.28 | 222.87 | NOTE | |
r-release-linux-x86_64 | 1.0.2 | 3.74 | 214.19 | 217.93 | OK | |
r-release-macos-arm64 | 1.0.2 | 84.00 | NOTE | |||
r-release-windows-x86_64 | 1.0.2 | 6.00 | 177.00 | 183.00 | NOTE | |
r-oldrel-macos-arm64 | 1.0.2 | 94.00 | OK | |||
r-oldrel-macos-x86_64 | 1.0.2 | 150.00 | OK | |||
r-oldrel-windows-x86_64 | 1.0.2 | 8.00 | 222.00 | 230.00 | OK |
Version: 1.0.2
Check: Rd files
Result: NOTE
checkRd: (-1) plot.QTLMPP.Rd:33-34: Lost braces in \itemize; meant \describe ?
checkRd: (-1) plot.QTLMPP.Rd:35: Lost braces in \itemize; meant \describe ?
checkRd: (-1) plot.QTLMPP.Rd:36: Lost braces in \itemize; meant \describe ?
checkRd: (-1) plot.QTLMPP.Rd:37-38: Lost braces in \itemize; meant \describe ?
checkRd: (-1) plot.gDataMPP.Rd:40: Lost braces in \itemize; meant \describe ?
checkRd: (-1) plot.gDataMPP.Rd:41-42: Lost braces in \itemize; meant \describe ?
checkRd: (-1) plot.gDataMPP.Rd:43-44: Lost braces in \itemize; meant \describe ?
checkRd: (-1) plot.gDataMPP.Rd:45-46: Lost braces in \itemize; meant \describe ?
Flavors: r-devel-linux-x86_64-debian-clang, r-devel-linux-x86_64-debian-gcc, r-devel-linux-x86_64-fedora-clang, r-devel-linux-x86_64-fedora-gcc, r-devel-windows-x86_64, r-patched-linux-x86_64, r-release-macos-arm64, r-release-windows-x86_64