Last updated on 2025-01-25 07:50:45 CET.
Flavor | Version | Tinstall | Tcheck | Ttotal | Status | Flags |
---|---|---|---|---|---|---|
r-devel-linux-x86_64-debian-clang | 0.7.4 | 4.83 | 67.34 | 72.17 | NOTE | |
r-devel-linux-x86_64-debian-gcc | 0.7.4 | 3.09 | 48.57 | 51.66 | NOTE | |
r-devel-linux-x86_64-fedora-clang | 0.7.4 | 112.92 | OK | |||
r-devel-linux-x86_64-fedora-gcc | 0.7.4 | 128.96 | NOTE | |||
r-devel-windows-x86_64 | 0.7.4 | 7.00 | 92.00 | 99.00 | OK | |
r-patched-linux-x86_64 | 0.7.4 | 4.28 | 63.24 | 67.52 | OK | |
r-release-linux-x86_64 | 0.7.4 | 4.16 | 63.30 | 67.46 | OK | |
r-release-macos-arm64 | 0.7.4 | 59.00 | OK | |||
r-release-macos-x86_64 | 0.7.4 | 104.00 | OK | |||
r-release-windows-x86_64 | 0.7.4 | 6.00 | 91.00 | 97.00 | OK | |
r-oldrel-macos-arm64 | 0.7.4 | 72.00 | OK | |||
r-oldrel-macos-x86_64 | 0.7.4 | 94.00 | OK | |||
r-oldrel-windows-x86_64 | 0.7.4 | 7.00 | 100.00 | 107.00 | OK |
Version: 0.7.4
Check: DESCRIPTION meta-information
Result: NOTE
Missing dependency on R >= 4.1.0 because package code uses the pipe
|> or function shorthand \(...) syntax added in R 4.1.0.
File(s) using such syntax:
‘tables.R’
Flavors: r-devel-linux-x86_64-debian-clang, r-devel-linux-x86_64-debian-gcc, r-devel-linux-x86_64-fedora-gcc